 - 7*r + 14*r + 1. What is g(d)?
9
Let v(g) = -3*g**3 - 2*g**2 - 3*g + 2. Let l(y) be the first derivative of 5*y**4/4 + 4*y**3/3 + 3*y**2 - 4*y + 3. Let r(u) = -4*l(u) - 7*v(u). Give r(3).
2
Suppose 0*o = o - 2. Let z(f) = 0*f - 6*f**o - 3 + f + f**3 + 6*f. Suppose -5*j = i - j - 5, -2*j = 0. Give z(i).
7
Let k be 3*2/6*-8. Let v be ((-21)/2)/(6/k). Suppose -5*s = 11 + v. Let w(x) = x**3 + 4*x**2 - 6*x - 3. Give w(s).
2
Let j be 12/(-30) + (-27)/(-5). Suppose 0*k + k - j*l = 9, 2*k - l - 9 = 0. Let s(d) = -d + 4. What is s(k)?
0
Let d be (-3)/6*(-12 - -2). Let x(n) = -2*n - 5*n**3 + d*n**2 - 3 + 4*n**3 + 6*n**2 - 5*n**2. Give x(5).
12
Let l(r) = -7*r**2 + r. Let d(c) = -6*c**2 + c. Let a(m) = 6*d(m) - 5*l(m). Let g = 6 - 4. What is a(g)?
-2
Let x(h) = -h**2 + 2. Let b(k) = 4*k**2 - k - 7. Let c(p) = -2*b(p) - 7*x(p). Suppose 1 = 5*w - 9. Let m = w + 0. Give c(m).
0
Let c(v) = 9*v**3 - 3*v**2 + v - 13. Suppose 18 = 4*i + 110. Let n = i - -16. Let s(o) = -4*o**3 + o**2 + 6. Let a(d) = n*s(d) - 3*c(d). Give a(-2).
3
Let h(q) = -q**3 + 2*q**2 - 2*q + 1. Let t be h(1). Let m(b) = -5*b - 7. Let x(p) = 13*p + 13. Let k(w) = 5*m(w) + 2*x(w). Give k(t).
-9
Let d(l) = 14*l**2 - 4*l + 14. Let s(o) = 5*o**2 - o + 5. Let t(y) = -4*d(y) + 11*s(y). Give t(2).
5
Let n(v) = 3*v - 1. Let t(j) = 4*j - 1. Suppose 0 = 3*m - 2*m + 5. Let l(a) = m*n(a) + 4*t(a). What is l(-6)?
-5
Let f(x) = -9*x + 2*x**2 + x - 3*x**2 + 0*x**2 + 2. Give f(-7).
9
Let a(x) = 2*x**3 + 591*x - x**3 - 589*x - 3*x**2 + 1. Suppose 2 = 5*s - 13. Give a(s).
7
Let w(u) be the first derivative of u**5/20 - u**4/4 + u**3/2 - u**2/2 - 7*u + 3. Let b(r) be the first derivative of w(r). Give b(2).
1
Let l(j) = 4*j - 3. Let c(r) = 2*r - 2. Let n(d) = -5*c(d) + 3*l(d). Suppose -y = -g - 1, 9 = y - 0*g + g. Suppose -6*p - y = -p. Give n(p).
-1
Let h(q) = q + 10. Let n be h(-8). Let s(o) = -22*o - 4 + 24*o + n. Calculate s(4).
6
Let o(a) = a**2 + 2*a - 3. Suppose -2*t + 11 = 3. Let j = -2 + t. Let w = j - 0. Determine o(w).
5
Let c(v) = v. Suppose 3*y = -3*i - 30, 2*y + 3*y - 4*i + 41 = 0. Let k be (-52)/y - (-2)/9. Calculate c(k).
6
Let a(u) be the third derivative of -7*u**4/24 - u**2. Let l be -1 + 2 - 2/(-2). Let q be (1 - (1 + 1)) + l. Give a(q).
-7
Let n be -1*(-3 - (-9)/3). Let d(x) = -x - 12. Determine d(n).
-12
Let t(p) be the third derivative of 6*p**2 + 0*p**3 + 0*p + 0 - 1/120*p**6 + 1/24*p**4 + 1/12*p**5. What is t(5)?
5
Let n(k) = 6*k**3 + k**2 - k. Let j(a) = -a**3 + a**2 + a - 1. Suppose 5*z = 1 + 4. Let r(l) = z*j(l) - n(l). Determine r(1).
-6
Let h(d) be the third derivative of d**5/60 - 7*d**4/24 + d**3/6 - 10*d**2. Give h(8).
9
Suppose 5*d - 11 = 9. Suppose 0 = -b + d*b + 12. Let v(p) = 2*p + 3*p**2 - 4 + p**3 + p**2 + p**2. Give v(b).
4
Let h(c) = -2*c + 2 + c**2 - 6*c + c. Give h(6).
-4
Let g(u) = u + 2. Let f be 9/(-2) + 4/8. Let d be (-2)/(f/6) + -3. Calculate g(d).
2
Let o(r) = r**3 + 8*r - 1 - 2 + 6*r**2 - 4*r. Suppose 0 = 3*s - 7 - 11. Let n be 5/4*(2 - s). Determine o(n).
2
Let z(u) = 0 + 0 - u**2 - u - 2. Let s = -20 + 18. Determine z(s).
-4
Let s(m) be the first derivative of m**3/3 - 5*m + 3. Suppose -5*g + 0*g - 1 = -4*k, 2*k = 5*g - 7. What is s(k)?
11
Suppose -4*l + 0*l = 8. Let r(n) be the second derivative of -2*n + n**2 - 1/3*n**3 + 0. Give r(l).
6
Suppose -4*d + 2 + 10 = 0. Suppose 2*l = -d*l + 15. Let m(r) = l - 5 - r + 0. Give m(-2).
0
Let z(k) = -2*k - 2. Let n(c) be the second derivative of c**3/6 + c**2/2 - 4*c. Let l(t) = 4*n(t) + 3*z(t). Let b(d) = d + 1. Let y be b(-5). What is l(y)?
6
Let y(u) = 4*u + 2. Let d(r) be the first derivative of r**4/4 + 11*r**3/3 + 5*r**2 + 3*r + 4. Let z be d(-10). Determine y(z).
14
Let r(x) be the second derivative of 0*x**3 - x**2 + 1/24*x**4 + 0 + 1/15*x**5 - 5*x. Let q(t) be the first derivative of r(t). What is q(1)?
5
Let p(q) = -3*q - 9 + 8*q**2 - q + 0*q**3 - q**3 + 1. What is p(7)?
13
Let c(h) = h**3 - 5. Let l(f) = -3*f + 1 - 3 + 2*f + 0. Let x be l(-5). Suppose 0*w = -x*p - 2*w - 4, -6 = -5*p + 3*w. What is c(p)?
-5
Suppose -v = -4 + 2. Let p(q) = -q + v*q - 2*q - 2. Calculate p(5).
-7
Suppose 0 = 2*u - 5*q + 15, 0*u - 2*u = q + 21. Let s(x) = -x**2 - 9*x + 14. Determine s(u).
4
Let f(j) be the third derivative of -j**5/60 - j**4/24 - j**3/2 + 36*j**2. What is f(-5)?
-23
Let u(c) = c**3 + 5*c**2 + 3*c - 3. Let s = 8 - -3. Suppose 0 = 3*m + h - s, -m + 3*m = 3*h. Suppose -m*b - 2*b + 7 = y, 5*b - 1 = -3*y. What is u(y)?
6
Let l(h) = -h**3 + 4*h**2 - 2*h. Suppose 6*c = 18 - 0. Calculate l(c).
3
Let m be (22 + -11)*(0 - -1). Let l(b) = -b**3 + 11*b**2 + 3. Calculate l(m).
3
Let p(t) = -t + 9*t**2 - 9*t**3 + 7*t - 11*t**3 - 6 + 21*t**3. Calculate p(-8).
10
Let x(z) be the second derivative of z**3/3 + 3*z**2/2 + z. Let u = -3 - 0. Calculate x(u).
-3
Let n = 8 + 6. Suppose u - 18 = 4*k, -n = 2*k - 0*u + 2*u. Let z(v) = v**3 + 4*v**2 - 3*v + 5. Calculate z(k).
-5
Let y(o) = -15*o + 2*o - o**2 + 4*o + 6*o + 3. Let i(p) = 3*p**3 + p**2. Let u be i(-1). Let g(z) = -z**2 + z + 2. Let t be g(u). Calculate y(t).
-1
Let p(f) = -f**2 + 4*f - 2. Suppose 27*m = 31*m - 12. Calculate p(m).
1
Let x = 63 + -62. Suppose 8 = v + 2*v + 2*m, 0 = v - 5*m + 20. Suppose -2*i - n = 3 - x, v = -4*i + 5*n - 4. Let d(t) = -t**3 - t**2 + t + 1. Determine d(i).
0
Let s be (((-78)/4)/(-13))/(3/(-4)). Let a(p) = 2*p - 2. Give a(s).
-6
Let d(m) = -m - 9. Let j = -23 - -15. Calculate d(j).
-1
Let t(n) = -3*n**2 - 4*n - 3. Let g(p) = p**2 - p - 1. Let a(z) = 4*g(z) + t(z). Give a(6).
-19
Let h(z) be the second derivative of z**4/12 - z**3 - z**2 + 4*z. Calculate h(3).
-11
Let d = 61 - 65. Let k(t) = -2*t**2 - 5*t. Determine k(d).
-12
Let q(y) be the first derivative of -y**2/2 + 6. What is q(-7)?
7
Let s(p) be the first derivative of p**3/3 + 2*p**2 + 5. Let b(t) = -t**2 - 4*t. Let w(g) = 5*b(g) + 6*s(g). Determine w(-5).
5
Let x(n) = n**3 + 6*n**2 + 4. Suppose -5*r - 22 = 2*w, -5*r - 50 = 4*w - 9*w. Determine x(r).
4
Let l(h) be the second derivative of h**3/6 - h**2/2 + 2*h. Let n(k) = 0 + 3 - 4 + 4*k. Let t be n(1). What is l(t)?
2
Let m(v) = v - 8. Let l(y) = y**2 - 20*y + 2. Let s be l(20). Let x = 9 + 3. Let c be x*s/(-8)*-2. Determine m(c).
-2
Let c(n) = 5*n + 6. Let w(j) = 7*j + 9. Let v(y) = -8*c(y) + 5*w(y). Determine v(-2).
7
Let d be (-1 - 0)/((-5)/10). Suppose -d*a = 2*a. Let r(n) = 3*n + 0*n + a*n + 1. What is r(1)?
4
Let c be (-2)/(-1 - -3)*-4. Let a(b) = -4*b**2 + b**3 + 0*b**3 + 0*b**2. Determine a(c).
0
Let o(w) = 2*w**2 - w - 9. Let n(u) = u**2 - u - 5. Let y(g) = -7*n(g) + 4*o(g). Give y(-4).
3
Let j(r) = 6*r**2 - 11. Let m(y) = -y**2 - y + 1. Let z(s) = j(s) + 5*m(s). Give z(7).
8
Let c = -11 - -8. Let g = 0 + c. Let s(n) = -5*n - 2. Let j(q) = -q**2. Let r(p) = -2*j(p) - s(p). Give r(g).
5
Let i(o) = o**3 + 6*o**2 - 9*o - 7. Suppose 8*j + 94 = 38. Give i(j).
7
Let h be (3 - -2) + -3 + 0. Let s(p) = p - 4 + 3 + 3*p**h - p**3 - p**2 - 1. Determine s(2).
0
Suppose -4*v = 3*k - 24, 5 - 13 = -2*k. Let m(x) = -1 + 0 - 4*x + 4*x - v*x + x**2. What is m(4)?
3
Let f = -3 - -9. Let p(w) = 2*w**3 + 0*w**3 - f + 4*w**2 - 3*w - w**3. Let m be ((-4)/(-3))/(2/(-6)). Give p(m).
6
Let d(m) = m**2 - 2*m - 1. Let f be d(3). Let b(t) be the third derivative of 0 + 0*t**4 + 1/60*t**5 + 0*t**3 + 0*t + t**2. Give b(f).
4
Let o(d) be the third derivative of d**5/30 - d**4/8 + d**3/3 + 15*d**2. Determine o(2).
4
Let a = -46 - -66. Let r be 0/1 - a/(-5). Let c(x) = -x**2 + 4*x - 5. Give c(r).
-5
Let f(w) = w**2 + w + 1. Let b(l) = 20 - 40 + l + 3*l**2 + 23. Let a be 2/(-1) - (-4 - 0). Let s(z) = a*b(z) - 5*f(z). Calculate s(3).
1
Let b(u) = 3*u. Let r be b(-6). Let k = 16 + r. Let j(g) = 0*g**2 - 2*g**2 + 2*g + 2*g**3 - 3*g**3 - 1. Give j(k).
-5
Let h(r) = 4*r**2 - 10*r**3 + 0*r**2 + 2 + r + 11*r**3. Determine h(-3).
8
Suppose -3*a + 11 = 2. Let g(b) = b**2 - b**2 - 2*b**2 + a*b**2 - 1. Give g(2).
3
Let l(n) = n + 14. Let d be l(-10). Let q(s) be the first derivative of s**4/4 - 4*s**3/3 + 2*s - 1. Calculate q(d).
2
Let a(d) = 3*d**2 + 2 + 2*d**3 - d**2 + 0*d**3. Let z(q) = -q**3 - 6*q**2 + 7*q - 3. Let w be z(-7). Let t = -5 - w. Determine a(t).
-6
Let f(m) = m - 3*m - 11*m**3 - 2*m**2 + 3*m. Suppose -x = 9*x - 10. What is f(x)?
-12
Let q(j) = -9*j 